58706?
3
What is the remainder when 8844 is divided by 155?
9
Calculate the remainder when 8008 is divided by 2666.
10
Calculate the remainder when 1331 is divided by 250.
81
Calculate the remainder when 46105 is divided by 22.
15
Calculate the remainder when 30297 is divided by 130.
7
Calculate the remainder when 129116 is divided by 223.
222
What is the remainder when 6075 is divided by 87?
72
What is the remainder when 7678 is divided by 255?
28
What is the remainder when 95675 is divided by 104?
99
Calculate the remainder when 2714 is divided by 8.
2
What is the remainder when 13327 is divided by 208?
15
What is the remainder when 17714 is divided by 97?
60
What is the remainder when 533863 is divided by 33?
22
What is the remainder when 7008 is divided by 28?
8
Calculate the remainder when 263693 is divided by 7.
3
What is the remainder when 3480 is divided by 61?
3
What is the remainder when 21210 is divided by 100?
10
Calculate the remainder when 20753 is divided by 1098.
989
What is the remainder when 1542 is divided by 567?
408
What is the remainder when 407 is divided by 87?
59
Calculate the remainder when 76394 is divided by 1736.
10
What is the remainder when 364383 is divided by 145?
143
Calculate the remainder when 30901 is divided by 7657.
273
Calculate the remainder when 4777 is divided by 36.
25
What is the remainder when 959 is divided by 19?
9
Calculate the remainder when 195621 is divided by 209.
206
What is the remainder when 45404 is divided by 33?
29
Calculate the remainder when 130 is divided by 19.
16
What is the remainder when 46712 is divided by 766?
752
What is the remainder when 18089 is divided by 18081?
8
What is the remainder when 12425 is divided by 12416?
9
Calculate the remainder when 224464 is divided by 49.
44
What is the remainder when 685 is divided by 138?
133
What is the remainder when 41542 is divided by 495?
457
What is the remainder when 7641 is divided by 1525?
16
Calculate the remainder when 783684 is divided by 78367.
14
What is the remainder when 17093 is divided by 8497?
99
Calculate the remainder when 26145 is divided by 13069.
7
Calculate the remainder when 32931 is divided by 1931.
104
Calculate the remainder when 5663 is divided by 19.
1
Calculate the remainder when 29341 is divided by 7325.
41
What is the remainder when 45874 is divided by 13?
10
What is the remainder when 1041 is divided by 36?
33
Calculate the remainder when 476014 is divided by 422.
420
Calculate the remainder when 168897 is divided by 150.
147
What is the remainder when 19212 is divided by 640?
12
What is the remainder when 27108 is divided by 323?
299
Calculate the remainder when 505 is divided by 96.
25
Calculate the remainder when 2268 is divided by 452.
8
What is the remainder when 483463 is divided by 204?
187
What is the remainder when 18735 is divided by 18?
15
Calculate the remainder when 4145 is divided by 1093.
866
What is the remainder when 8185 is divided by 99?
67
Calculate the remainder when 21947 is divided by 954.
5
What is the remainder when 9215 is divided by 16?
15
What is the remainder when 7632 is divided by 1601?
1228
What is the remainder when 52747 is divided by 471?
466
What is the remainder when 212277 is divided by 2003?
1962
Calculate the remainder when 66109 is divided by 3302.
69
Calculate the remainder when 19653 is divided by 34.
1
What is the remainder when 223 is divided by 198?
25
Calculate the remainder when 1582104 is divided by 119.
118
Calculate the remainder when 72582 is divided by 654.
642
Calculate the remainder when 74166 is divided by 12272.
534
Calculate the remainder when 3656 is divided by 1209.
29
What is the remainder when 14651 is divided by 204?
167
What is the remainder when 243968 is divided by 81322?
2
What is the remainder when 137 is divided by 93?
44
Calculate the remainder when 14037 is divided by 233.
57
Calculate the remainder when 32549 is divided by 75.
74
Calculate the remainder when 495 is divided by 26.
1
What is the remainder when 381134 is divided by 56?
54
What is the remainder when 2365 is divided by 256?
61
Calculate the remainder when 25683 is divided by 451.
427
What is the remainder when 970109 is divided by 128?
125
Calculate the remainder when 59106 is divided by 113.
7
Calculate the remainder when 5806 is divided by 2900.
6
Calculate the remainder when 75205 is divided by 189.
172
What is the remainder when 742 is divided by 343?
56
Calculate the remainder when 561731 is divided by 49.
44
Calculate the remainder when 2457 is divided by 245.
7
What is the remainder when 1854 is divided by 394?
278
Calculate the remainder when 320 is divided by 93.
41
Calculate the remainder when 102942 is divided by 4289.
6
What is the remainder when 11797 is divided by 68?
33
Calculate the remainder when 3639 is divided by 164.
31
Calculate the remainder when 6990 is divided by 244.
158
What is the remainder when 47556 is divided by 25?
6
Calculate the remainder when 1541955 is divided by 122.
119
What is the remainder when 10025 is divided by 3131?
632
Calculate the remainder when 49358 is divided by 1974.
8
What is the remainder when 20511 is divided by 119?
43
What is the remainder when 13503 is divided by 562?
15
Calculate the remainder when 36536 is divided by 451.
5
Calculate the remainder when 33245 is divided by 70.
65
Calculate the remainder when 28727 is divided by 64.
55
What is the remainder when 552316 is divided by 20?
16
Calculate the remainder when 68844 is divided by 34419.
6
Calculate the remainder when 3967 is divided by 248.
247
What is the remainder when 6207 is divided by 1128?
567
What is the remainder when 51887 is divided by 138?
137
What is the remainder when 38686 is divided by 1934?
6
What is the remainder when 12518 is divided by 298?
2
Calculate the remainder when 6453 is divided by 2139.
36
Calculate the remainder when 8174 is divided by 543.
29
What is the remainder when 4224 is divided by 298?
52
Calculate the remainder when 67451 is divided by 162.
59
Calculate the remainder when 625544 is divided by 23.
13
Calculate the remainder when 13311 is divided by 513.
486
What is the remainder when 6339 is divided by 1279?
1223
What is the remainder when 19377 is divided by 142?
65
Calculate the remainder when 132898 is divided by 75.
73
Calculate the remainder when 721 is divided by 460.
261
Calculate the remainder when 3713 is divided by 737.
28
Calculate the remainder when 3184 is divided by 537.
499
Calculate the remainder when 34218 is divided by 71.
67
Calculate the remainder when 126875 is divided by 71.
69
What is the remainder when 3415 is divided by 200?
15
What is the remainder when 10046 is divided by 2511?
2
What is the remainder when 3403 is divided by 1667?
69
What is the remainder when 426862 is divided by 24?
22
Calculate the remainder when 107459 is divided by 18.
17
Calculate the remainder when 2682 is divided by 226.
196
What is the remainder when 4488 is divided by 411?
378
Calculate the remainder when 66614 is divided by 1799.
51
Calculate the remainder when 36654 is divided by 3332.
2
What is the remainder when 13395 is divided by 589?
437
Calculate the remainder when 6648 is divided by 128.
120
Calculate the remainder when 19806 is divided by 14.
10
Calculate the remainder when 64683 is divided by 103.
102
Calculate the remainder when 14198 is divided by 19.
5
Calculate the remainder when 5796 is divided by 58.
54
What is the remainder when 44770 is divided by 649?
638
What is the remainder when 338 is divided by 128?
82
What is the remainder when 544731 is divided by 21?
12
Calculate the remainder when 2826 is divided by 167.
154
What is the remainder when 24166 is divided by 756?
730
What is the remainder when 71883 is divided by 3594?
3
Calculate the remainder when 6131 is divided by 8.
3
What is the remainder when 1839 is divided by 531?
246
What is the remainder when 21946 is divided by 53?
4
What is the remainder when 1861 is divided by 205?
16
What is the remainder when 136198 is divided by 3095?
18
What is the remainder when 39375 is divided by 68?
3
Calculate the remainder when 289 is divided by 52.
29
What is the remainder when 8304 is divided by 160?
144
What is the remainder when 3061 is divided